{"id":35863,"date":"2026-03-02T16:10:11","date_gmt":"2026-03-02T15:10:11","guid":{"rendered":"https:\/\/www.wezet.de\/?post_type=product&#038;p=35863"},"modified":"2026-03-26T10:32:18","modified_gmt":"2026-03-26T09:32:18","slug":"hausnummer-schablone-schrifthoehe-300-mm","status":"publish","type":"product","link":"https:\/\/www.wezet.de\/?product=hausnummer-schablone-schrifthoehe-300-mm","title":{"rendered":"Hausnummer Schablone Schrifth\u00f6he 300 mm"},"content":{"rendered":"<p>Unsere Schablone aus starkhaftender, selbstklebender Folie eignet sich besonders gut f\u00fcr die Anbringung von Hausnummern.<br \/>\nEinfach die Schablone auf die Fassade kleben, mit Farbe austupfen, Schablone abziehen &#8211; fertig.<br \/>\nDa wir hier einen sehr starkhaftenden Kleber verwenden, h\u00e4lt die Schablone auf allen rauen Untergr\u00fcnden.<br \/>\nMit unserer Klebeschablone verleihen Sie Ihrer Au\u00dfenfassade eine saubere Hausnummer.<\/p>\n<p>Buchstabenh\u00f6he: 300 mm<br \/>\nVE: 1 St\u00fcck<\/p>\n<p>DIY &#8211; Do it yourself! Sie k\u00f6nnen mit Hilfe unserer Schablone Ihre Hausnummer auch selber (ohne fachliche Hilfe) konturenscharf anbringen.<\/p>\n<p>Wir legen Ihrer Schablone nat\u00fcrlich eine kurze Montageanleitung bei.<\/p>\n<p>Profiqualit\u00e4t auch f\u00fcr Maler und Stuckateure. Schreiben Sie uns gerne eine E-Mail f\u00fcr ein individuelles Angebot.<\/p>\n<p>Bitte w\u00e4hlen Sie sich als erstes eine unserer vorgeschlagenen Schriftarten aus.<br \/>\nSollten Sie eine Wunschschriftart haben, schreiben Sie uns gerne eine Mail. Nahezu jede Schrift ist umsetzbar.<\/p>\n<p>Anschlie\u00dfend w\u00e4hlen Sie, wie viele Stellen Ihre gew\u00fcnschte Hausnummer hat und geben diese anschlie\u00dfend in das Textfeld ein (z.B. &#8222;26&#8220;). Buchstaben sind nat\u00fcrlich auch m\u00f6glich &#8211; 1 Buchstabe = 1 Stelle. Geben Sie hier zum Beispiel in das Textfeld &#8222;26a&#8220; ein (=3 Stellen).<\/p>\n<p>Da unsere Hausnummer-Schablonen selbstklebend sind, sind diese nur zur einmaligen Verwendung geeignet.<\/p>\n<p>Unsere Schablone &#8211; MADE IN GERMANY!<\/p>\n<p>Sie wollen ein Logo, einen Schriftzug etc. an Ihre Hausfassade anbringen?<br \/>\nKein Problem! Wir bieten Ihnen hier auch Sonderanfertigungen aus unserem starkhaftendem Schablonenmaterial an.<br \/>\nSchicken Sie uns gerne hierzu Ihre Anfrage per E-Mail.<\/p>\n","protected":false},"excerpt":{"rendered":"<ul>\n<li>Schablone f\u00fcr Ihre Hausnummer<\/li>\n<li>H\u00e4lt auf allen rauen Untergr\u00fcnden<\/li>\n<li>Schrifth\u00f6he 300 mm<\/li>\n<\/ul>\n","protected":false},"featured_media":35945,"comment_status":"closed","ping_status":"closed","template":"","meta":[],"product_brand":[],"product_cat":[2066,2092],"product_tag":[],"class_list":{"0":"post-35863","1":"product","2":"type-product","3":"status-publish","4":"has-post-thumbnail","6":"product_cat-schablone","7":"product_cat-hausnummerschablonen","8":"pa_anzahlderziffern-1_stellig","9":"pa_anzahlderziffern-2_stellig","10":"pa_anzahlderziffern-3_stellig","11":"pa_anzahlderziffern-4_stellig","12":"pa_schriftart-bauhaus","13":"pa_schriftart-beton","14":"pa_schriftart-broadway","15":"pa_schriftart-englschreibschrift","16":"pa_schriftart-futura","17":"pa_schriftart-garamond","18":"pa_schriftart-gillkayo","19":"pa_schriftart-vagrundschrift","20":"pa_schriftart-victorian","22":"first","23":"instock","24":"taxable","25":"shipping-taxable","26":"purchasable","27":"product-type-variable"},"tiered_pricing_type":"fixed","tiered_pricing_fixed_rules":[],"tiered_pricing_product_settings":{"layout":"default","base_unit_name":{"singular":null,"plural":null},"default_variation":null},"tiered_pricing_minimum_quantity":null,"tiered_pricing_roles_data":[],"tiered_pricing_percentage_rules":[],"_links":{"self":[{"href":"https:\/\/www.wezet.de\/index.php?rest_route=\/wp\/v2\/product\/35863","targetHints":{"allow":["GET"]}}],"collection":[{"href":"https:\/\/www.wezet.de\/index.php?rest_route=\/wp\/v2\/product"}],"about":[{"href":"https:\/\/www.wezet.de\/index.php?rest_route=\/wp\/v2\/types\/product"}],"replies":[{"embeddable":true,"href":"https:\/\/www.wezet.de\/index.php?rest_route=%2Fwp%2Fv2%2Fcomments&post=35863"}],"wp:featuredmedia":[{"embeddable":true,"href":"https:\/\/www.wezet.de\/index.php?rest_route=\/wp\/v2\/media\/35945"}],"wp:attachment":[{"href":"https:\/\/www.wezet.de\/index.php?rest_route=%2Fwp%2Fv2%2Fmedia&parent=35863"}],"wp:term":[{"taxonomy":"product_brand","embeddable":true,"href":"https:\/\/www.wezet.de\/index.php?rest_route=%2Fwp%2Fv2%2Fproduct_brand&post=35863"},{"taxonomy":"product_cat","embeddable":true,"href":"https:\/\/www.wezet.de\/index.php?rest_route=%2Fwp%2Fv2%2Fproduct_cat&post=35863"},{"taxonomy":"product_tag","embeddable":true,"href":"https:\/\/www.wezet.de\/index.php?rest_route=%2Fwp%2Fv2%2Fproduct_tag&post=35863"}],"curies":[{"name":"wp","href":"https:\/\/api.w.org\/{rel}","templated":true}]}}